{"id":1013,"date":"2018-09-04T16:11:51","date_gmt":"2018-09-04T14:11:51","guid":{"rendered":"https:\/\/freibad-dellwig.de\/?page_id=1013"},"modified":"2022-09-13T09:26:45","modified_gmt":"2022-09-13T07:26:45","slug":"mitglied-werden","status":"publish","type":"page","link":"https:\/\/freibad-dellwig.de\/index.php\/mitmachen-im-buergerbad\/mitglied-werden\/","title":{"rendered":"Mitglied werden"},"content":{"rendered":"<p>Sie sind noch kein Mitglied, aber Sie m\u00f6chten gerne eines werden?<\/p>\n<p>Dann f\u00fcllen Sie bitte einfach die Beitrittserkl\u00e4rung aus und bringen Sie sie bei Ihrem n\u00e4chsten Besuch im Freibad gleich mit.<\/p>\n<p><a href=\"https:\/\/freibad-dellwig.de\/wp-content\/uploads\/2022\/09\/Beitrittserkla\u0308rung-2022-220913.pdf\">Hier geht es zur Beitrittserkl\u00e4rung<\/a><\/p>\n","protected":false},"excerpt":{"rendered":"<p>Sie sind noch kein Mitglied, aber Sie m\u00f6chten gerne eines werden? Dann f\u00fcllen Sie bitte einfach die Beitrittserkl\u00e4rung aus und bringen Sie sie bei Ihrem n\u00e4chsten Besuch im Freibad gleich mit. Hier geht es zur Beitrittserkl\u00e4rung<\/p>\n","protected":false},"author":2,"featured_media":0,"parent":754,"menu_order":0,"comment_status":"closed","ping_status":"closed","template":"","meta":{"footnotes":""},"class_list":["post-1013","page","type-page","status-publish","hentry"],"_links":{"self":[{"href":"https:\/\/freibad-dellwig.de\/index.php\/wp-json\/wp\/v2\/pages\/1013","targetHints":{"allow":["GET"]}}],"collection":[{"href":"https:\/\/freibad-dellwig.de\/index.php\/wp-json\/wp\/v2\/pages"}],"about":[{"href":"https:\/\/freibad-dellwig.de\/index.php\/wp-json\/wp\/v2\/types\/page"}],"author":[{"embeddable":true,"href":"https:\/\/freibad-dellwig.de\/index.php\/wp-json\/wp\/v2\/users\/2"}],"replies":[{"embeddable":true,"href":"https:\/\/freibad-dellwig.de\/index.php\/wp-json\/wp\/v2\/comments?post=1013"}],"version-history":[{"count":6,"href":"https:\/\/freibad-dellwig.de\/index.php\/wp-json\/wp\/v2\/pages\/1013\/revisions"}],"predecessor-version":[{"id":2330,"href":"https:\/\/freibad-dellwig.de\/index.php\/wp-json\/wp\/v2\/pages\/1013\/revisions\/2330"}],"up":[{"embeddable":true,"href":"https:\/\/freibad-dellwig.de\/index.php\/wp-json\/wp\/v2\/pages\/754"}],"wp:attachment":[{"href":"https:\/\/freibad-dellwig.de\/index.php\/wp-json\/wp\/v2\/media?parent=1013"}],"curies":[{"name":"wp","href":"https:\/\/api.w.org\/{rel}","templated":true}]}}