{"id":318,"date":"2017-11-15T19:27:43","date_gmt":"2017-11-15T18:27:43","guid":{"rendered":"http:\/\/test.freibad-dellwig.de\/?page_id=318"},"modified":"2021-06-22T12:36:50","modified_gmt":"2021-06-22T10:36:50","slug":"imbiss","status":"publish","type":"page","link":"https:\/\/freibad-dellwig.de\/index.php\/ggmbh\/imbiss\/","title":{"rendered":"Imbiss"},"content":{"rendered":"<p>Seit der Badesaison 2020 steht unser Kiosk unter neuer Leitung! Die Betriebsgesellschaft eures Freibades hat mit viel Einsatz den Kiosk renoviert , umgebaut und komplett neu eingerichtet. Sie betreibt ihn jetzt in Eigenregie.<\/p>\n<p>Das Team um Natasha war in 2020 f\u00fcr die Zubereitung und Ausgabe der Speisen zust\u00e4ndig. Das neue Angebot aus dem Imbiss wird gut angenommen. Auch all die Kleinigkeiten, die wir ansonsten von unserem Kiosk gewohnt waren, stehen wieder zur Verf\u00fcgung. In der aktuellen Saison setzt sich die Crew von Imbiss und Kiosk neu zusammen.<\/p>\n<p>Auch wenn wir die Zubereitungsger\u00e4te wie Grill, Friteuse und Anderes von Gasbetrieb auf Strom umgestellt haben &#8211; wodurch alles hei\u00dfer und somit schneller zubereitet werden kann &#8211; k\u00f6nnen wir bei starker Nachfrage eine Wartezeit nicht ganz verhindern. Wir bitten alle Badeg\u00e4ste, die sich \u00fcber den Imbiss und am Kiosk versorgen m\u00f6chten, bei l\u00e4ngeren Wartezeiten um Verst\u00e4ndnis und Toleranz. Dass Husten- und Niesetikette, sowie Abstands- und Hygieneregeln (der unmittelbare Kiosk-\/Imbissbereich darf nur mit einer Mund-Nase-Bedeckung betreten werden)\u00a0 auch hier eingehalten werden m\u00fcssen versteht sich von selbst.<\/p>\n<p>Aktuelle Bilder sind in Arbeit!<\/p>\n","protected":false},"excerpt":{"rendered":"<p>Seit der Badesaison 2020 steht unser Kiosk unter neuer Leitung! Die Betriebsgesellschaft eures Freibades hat mit viel Einsatz den Kiosk renoviert , umgebaut und komplett neu eingerichtet. Sie betreibt ihn jetzt in Eigenregie. Das Team um Natasha war in 2020 f\u00fcr die Zubereitung und Ausgabe der Speisen zust\u00e4ndig. Das neue Angebot aus dem Imbiss wird &hellip; <\/p>\n<p class=\"link-more\"><a href=\"https:\/\/freibad-dellwig.de\/index.php\/ggmbh\/imbiss\/\" class=\"more-link\"><span class=\"screen-reader-text\">\u201eImbiss\u201c<\/span> weiterlesen<\/a><\/p>\n","protected":false},"author":1,"featured_media":0,"parent":310,"menu_order":0,"comment_status":"closed","ping_status":"closed","template":"","meta":{"footnotes":""},"class_list":["post-318","page","type-page","status-publish","hentry"],"_links":{"self":[{"href":"https:\/\/freibad-dellwig.de\/index.php\/wp-json\/wp\/v2\/pages\/318","targetHints":{"allow":["GET"]}}],"collection":[{"href":"https:\/\/freibad-dellwig.de\/index.php\/wp-json\/wp\/v2\/pages"}],"about":[{"href":"https:\/\/freibad-dellwig.de\/index.php\/wp-json\/wp\/v2\/types\/page"}],"author":[{"embeddable":true,"href":"https:\/\/freibad-dellwig.de\/index.php\/wp-json\/wp\/v2\/users\/1"}],"replies":[{"embeddable":true,"href":"https:\/\/freibad-dellwig.de\/index.php\/wp-json\/wp\/v2\/comments?post=318"}],"version-history":[{"count":19,"href":"https:\/\/freibad-dellwig.de\/index.php\/wp-json\/wp\/v2\/pages\/318\/revisions"}],"predecessor-version":[{"id":3502,"href":"https:\/\/freibad-dellwig.de\/index.php\/wp-json\/wp\/v2\/pages\/318\/revisions\/3502"}],"up":[{"embeddable":true,"href":"https:\/\/freibad-dellwig.de\/index.php\/wp-json\/wp\/v2\/pages\/310"}],"wp:attachment":[{"href":"https:\/\/freibad-dellwig.de\/index.php\/wp-json\/wp\/v2\/media?parent=318"}],"curies":[{"name":"wp","href":"https:\/\/api.w.org\/{rel}","templated":true}]}}