{"id":62,"date":"2017-04-16T01:39:12","date_gmt":"2017-04-16T00:39:12","guid":{"rendered":"http:\/\/traufabrik.dyndns.org\/Freibad\/?page_id=62"},"modified":"2026-02-28T12:08:39","modified_gmt":"2026-02-28T11:08:39","slug":"forderverein","status":"publish","type":"page","link":"https:\/\/freibad-dellwig.de\/index.php\/forderverein\/","title":{"rendered":"F\u00f6rderverein"},"content":{"rendered":"<p>Der F\u00f6rderverein Freibad Dellwig e.V. wurde am 22. Mai 2011 von 141 Gr\u00fcndungsmitgliedern gegr\u00fcndet. Aktuell (2026) unterst\u00fctzen mehr als 700 Mitglieder das Freibad. Das Foto zeigt die Vorstandsmitglieder der Vereinsgr\u00fcndung.<\/p>\n<p><img loading=\"lazy\" decoding=\"async\" class=\"alignnone size-medium wp-image-63\" src=\"http:\/\/traufabrik.dyndns.org\/Freibad\/wp-content\/uploads\/2017\/04\/Vorstand-300x200.jpg\" alt=\"\" width=\"300\" height=\"200\" srcset=\"https:\/\/freibad-dellwig.de\/wp-content\/uploads\/2017\/04\/Vorstand-300x200.jpg 300w, https:\/\/freibad-dellwig.de\/wp-content\/uploads\/2017\/04\/Vorstand-768x512.jpg 768w, https:\/\/freibad-dellwig.de\/wp-content\/uploads\/2017\/04\/Vorstand-1024x682.jpg 1024w, https:\/\/freibad-dellwig.de\/wp-content\/uploads\/2017\/04\/Vorstand.jpg 1063w\" sizes=\"auto, (max-width: 300px) 100vw, 300px\" \/><\/p>\n","protected":false},"excerpt":{"rendered":"<p>Der F\u00f6rderverein Freibad Dellwig e.V. wurde am 22. Mai 2011 von 141 Gr\u00fcndungsmitgliedern gegr\u00fcndet. Aktuell (2026) unterst\u00fctzen mehr als 700 Mitglieder das Freibad. Das Foto zeigt die Vorstandsmitglieder der Vereinsgr\u00fcndung.<\/p>\n","protected":false},"author":1,"featured_media":0,"parent":0,"menu_order":0,"comment_status":"closed","ping_status":"closed","template":"","meta":{"footnotes":""},"class_list":["post-62","page","type-page","status-publish","hentry"],"_links":{"self":[{"href":"https:\/\/freibad-dellwig.de\/index.php\/wp-json\/wp\/v2\/pages\/62","targetHints":{"allow":["GET"]}}],"collection":[{"href":"https:\/\/freibad-dellwig.de\/index.php\/wp-json\/wp\/v2\/pages"}],"about":[{"href":"https:\/\/freibad-dellwig.de\/index.php\/wp-json\/wp\/v2\/types\/page"}],"author":[{"embeddable":true,"href":"https:\/\/freibad-dellwig.de\/index.php\/wp-json\/wp\/v2\/users\/1"}],"replies":[{"embeddable":true,"href":"https:\/\/freibad-dellwig.de\/index.php\/wp-json\/wp\/v2\/comments?post=62"}],"version-history":[{"count":9,"href":"https:\/\/freibad-dellwig.de\/index.php\/wp-json\/wp\/v2\/pages\/62\/revisions"}],"predecessor-version":[{"id":3509,"href":"https:\/\/freibad-dellwig.de\/index.php\/wp-json\/wp\/v2\/pages\/62\/revisions\/3509"}],"wp:attachment":[{"href":"https:\/\/freibad-dellwig.de\/index.php\/wp-json\/wp\/v2\/media?parent=62"}],"curies":[{"name":"wp","href":"https:\/\/api.w.org\/{rel}","templated":true}]}}