{"id":898,"date":"2018-04-20T10:50:15","date_gmt":"2018-04-20T08:50:15","guid":{"rendered":"http:\/\/test.freibad-dellwig.de\/?page_id=898"},"modified":"2026-02-28T12:19:37","modified_gmt":"2026-02-28T11:19:37","slug":"wassergymnastik","status":"publish","type":"page","link":"https:\/\/freibad-dellwig.de\/index.php\/wassergymnastik\/","title":{"rendered":"Wassergymnastik"},"content":{"rendered":"<p>Unsere Wassergymnastik-Kurse finden immer <strong>mittwochs von 19:00 Uhr bis 19:45 Uhr <\/strong>und <strong>sonntags von 9:45 bis 10:30 Uhr<\/strong> statt. Besondere Kenntnisse sind nicht erforderlich.<\/p>\n<p>F\u00fcr Musik w\u00e4hrend den \u00dcbungen ist bestens gesorgt, auch werden Musikw\u00fcnsche entgegengenommen.<\/p>\n<p>Der Unkostenbeitrag betr\u00e4gt 3 Euro.<\/p>\n<p>&nbsp;<\/p>\n<p>&nbsp;<\/p>\n","protected":false},"excerpt":{"rendered":"<p>Unsere Wassergymnastik-Kurse finden immer mittwochs von 19:00 Uhr bis 19:45 Uhr und sonntags von 9:45 bis 10:30 Uhr statt. Besondere Kenntnisse sind nicht erforderlich. F\u00fcr Musik w\u00e4hrend den \u00dcbungen ist bestens gesorgt, auch werden Musikw\u00fcnsche entgegengenommen. Der Unkostenbeitrag betr\u00e4gt 3 Euro. &nbsp; &nbsp;<\/p>\n","protected":false},"author":2,"featured_media":0,"parent":0,"menu_order":0,"comment_status":"closed","ping_status":"closed","template":"","meta":{"footnotes":""},"class_list":["post-898","page","type-page","status-publish","hentry"],"_links":{"self":[{"href":"https:\/\/freibad-dellwig.de\/index.php\/wp-json\/wp\/v2\/pages\/898","targetHints":{"allow":["GET"]}}],"collection":[{"href":"https:\/\/freibad-dellwig.de\/index.php\/wp-json\/wp\/v2\/pages"}],"about":[{"href":"https:\/\/freibad-dellwig.de\/index.php\/wp-json\/wp\/v2\/types\/page"}],"author":[{"embeddable":true,"href":"https:\/\/freibad-dellwig.de\/index.php\/wp-json\/wp\/v2\/users\/2"}],"replies":[{"embeddable":true,"href":"https:\/\/freibad-dellwig.de\/index.php\/wp-json\/wp\/v2\/comments?post=898"}],"version-history":[{"count":19,"href":"https:\/\/freibad-dellwig.de\/index.php\/wp-json\/wp\/v2\/pages\/898\/revisions"}],"predecessor-version":[{"id":3512,"href":"https:\/\/freibad-dellwig.de\/index.php\/wp-json\/wp\/v2\/pages\/898\/revisions\/3512"}],"wp:attachment":[{"href":"https:\/\/freibad-dellwig.de\/index.php\/wp-json\/wp\/v2\/media?parent=898"}],"curies":[{"name":"wp","href":"https:\/\/api.w.org\/{rel}","templated":true}]}}